{"id":1212,"date":"2021-11-09T15:54:54","date_gmt":"2021-11-09T15:54:54","guid":{"rendered":"https:\/\/www.brulerie-chatelet.fr\/?post_type=product&#038;p=1212"},"modified":"2025-09-30T20:34:36","modified_gmt":"2025-09-30T20:34:36","slug":"assemblage-maison","status":"publish","type":"product","link":"https:\/\/www.brulerie-chatelet.fr\/?product=assemblage-maison","title":{"rendered":"M\u00e9lange Maison"},"content":{"rendered":"<p>Cet assemblage 100% Arabica est la signature de notre br\u00fblerie, propos\u00e9 sur place depuis sa cr\u00e9ation en 1975 et inchang\u00e9 depuis. Certains de nos clients l&rsquo;ach\u00e8te \u00e0 notre br\u00fblerie depuis lors, g\u00e9n\u00e9ration apr\u00e8s g\u00e9n\u00e9ration.<\/p>\n<p>Il s&rsquo;agit donc d&rsquo;un m\u00e9lange de deux arabicas (aussi appel\u00e9 \u00ab\u00a0blend\u00a0\u00bb en anglais) qui permet de superposer diff\u00e9rentes saveurs et d&rsquo;\u00e9quilibrer le gout dans la tasse.<\/p>\n<p>Cet assemblage est donc compos\u00e9 d&rsquo;un arabica du sud de l&rsquo;Ethiopie et d&rsquo;un autre d&rsquo;am\u00e9rique du sud, pour vous proposer un caf\u00e9 fruit\u00e9, l\u00e9ger, doux et rond en bouche qui sera parfait pour le matin ou pour une fin de repas.<\/p>\n<p>Essayez le et n&rsquo;h\u00e9sitez pas \u00e0 nous faire part de vos impressions !<\/p>\n<p>&nbsp;<\/p>\n","protected":false},"excerpt":{"rendered":"<p>Cet assemblage 100% Arabica est la signature de notre br\u00fblerie, propos\u00e9 sur place depuis sa cr\u00e9ation en 1975 et inchang\u00e9 depuis. Certains de nos clients l&rsquo;ach\u00e8te \u00e0 notre br\u00fblerie depuis lors, g\u00e9n\u00e9ration apr\u00e8s g\u00e9n\u00e9ration.<\/p>\n<p>Il s&rsquo;agit donc d&rsquo;un m\u00e9lange de deux arabicas (aussi appel\u00e9 \u00ab\u00a0blend\u00a0\u00bb en anglais) qui permet de superposer diff\u00e9rentes saveurs et d&rsquo;\u00e9quilibrer le gout dans la tasse.<\/p>\n<p>Cet assemblage est donc compos\u00e9 d&rsquo;un arabica du sud de l&rsquo;Ethiopie et d&rsquo;un autre d&rsquo;am\u00e9rique du sud, pour vous proposer un caf\u00e9 fruit\u00e9, l\u00e9ger, doux et rond en bouche qui sera parfait pour le matin ou pour une fin de repas.<\/p>\n<p>Essayez le et n&rsquo;h\u00e9sitez pas \u00e0 nous faire part de vos impressions !<\/p>\n","protected":false},"featured_media":2945,"template":"","meta":[],"product_brand":[],"product_cat":[58],"product_tag":[59],"class_list":{"0":"post-1212","1":"product","2":"type-product","3":"status-publish","4":"has-post-thumbnail","6":"product_cat-blends","7":"product_tag-assemblage-maison","9":"first","10":"instock","11":"taxable","12":"shipping-taxable","13":"purchasable","14":"product-type-variable"},"_links":{"self":[{"href":"https:\/\/www.brulerie-chatelet.fr\/index.php?rest_route=\/wp\/v2\/product\/1212","targetHints":{"allow":["GET"]}}],"collection":[{"href":"https:\/\/www.brulerie-chatelet.fr\/index.php?rest_route=\/wp\/v2\/product"}],"about":[{"href":"https:\/\/www.brulerie-chatelet.fr\/index.php?rest_route=\/wp\/v2\/types\/product"}],"wp:featuredmedia":[{"embeddable":true,"href":"https:\/\/www.brulerie-chatelet.fr\/index.php?rest_route=\/wp\/v2\/media\/2945"}],"wp:attachment":[{"href":"https:\/\/www.brulerie-chatelet.fr\/index.php?rest_route=%2Fwp%2Fv2%2Fmedia&parent=1212"}],"wp:term":[{"taxonomy":"product_brand","embeddable":true,"href":"https:\/\/www.brulerie-chatelet.fr\/index.php?rest_route=%2Fwp%2Fv2%2Fproduct_brand&post=1212"},{"taxonomy":"product_cat","embeddable":true,"href":"https:\/\/www.brulerie-chatelet.fr\/index.php?rest_route=%2Fwp%2Fv2%2Fproduct_cat&post=1212"},{"taxonomy":"product_tag","embeddable":true,"href":"https:\/\/www.brulerie-chatelet.fr\/index.php?rest_route=%2Fwp%2Fv2%2Fproduct_tag&post=1212"}],"curies":[{"name":"wp","href":"https:\/\/api.w.org\/{rel}","templated":true}]}}

Mélange Maison

<p>Cet assemblage 100% Arabica est la signature de notre brûlerie, proposé sur place depuis sa création en 1975 et inchangé depuis. Certains de nos clients l&rsquo;achète à notre brûlerie depuis lors, génération après génération.</p>
<p>Il s&rsquo;agit donc d&rsquo;un mélange de deux arabicas (aussi appelé « blend » en anglais) qui permet de superposer différentes saveurs et d&rsquo;équilibrer le gout dans la tasse.</p>
<p>Cet assemblage est donc composé d&rsquo;un arabica du sud de l&rsquo;Ethiopie et d&rsquo;un autre d&rsquo;amérique du sud, pour vous proposer un café fruité, léger, doux et rond en bouche qui sera parfait pour le matin ou pour une fin de repas.</p>
<p>Essayez le et n&rsquo;hésitez pas à nous faire part de vos impressions !</p>
<p>&nbsp;</p>

<p>Cet assemblage 100% Arabica est la signature de notre brûlerie, proposé sur place depuis sa création en 1975 et inchangé depuis. Certains de nos clients l&rsquo;achète à notre brûlerie depuis lors, génération après génération.</p>
<p>Il s&rsquo;agit donc d&rsquo;un mélange de deux arabicas (aussi appelé « blend » en anglais) qui permet de superposer différentes saveurs et d&rsquo;équilibrer le gout dans la tasse.</p>
<p>Cet assemblage est donc composé d&rsquo;un arabica du sud de l&rsquo;Ethiopie et d&rsquo;un autre d&rsquo;amérique du sud, pour vous proposer un café fruité, léger, doux et rond en bouche qui sera parfait pour le matin ou pour une fin de repas.</p>
<p>Essayez le et n&rsquo;hésitez pas à nous faire part de vos impressions !</p>
