{"id":1220,"date":"2021-11-09T16:10:34","date_gmt":"2021-11-09T16:10:34","guid":{"rendered":"https:\/\/www.brulerie-chatelet.fr\/?post_type=product&#038;p=1220"},"modified":"2025-09-30T20:36:23","modified_gmt":"2025-09-30T20:36:23","slug":"melange-italien-500g","status":"publish","type":"product","link":"https:\/\/www.brulerie-chatelet.fr\/?product=melange-italien-500g","title":{"rendered":"M\u00e9lange Italien"},"content":{"rendered":"<p>Imaginez-vous en train de boire un ristretto sur la piazza della Signoria \u00e0 Florence, \u00e0 observer les passants accompagn\u00e9 du traditionnel verre d&rsquo;eau p\u00e9tillante&#8230;<\/p>\n<p>Avec cet assemblage nous avons cherch\u00e9 \u00e0 restituer les saveurs d&rsquo;un vrai caf\u00e9 italien, compos\u00e9 en grande partie d&rsquo;arabica avec une pointe de robusta (80% arabica du Honduras, 20% robusta du Vietnam) avec une torr\u00e9faction pouss\u00e9e jusqu&rsquo;\u00e0 obtenir un grain tr\u00e8s l\u00e9g\u00e8rement gras, dans la plus pure tradition.<\/p>\n<p>A consommer id\u00e9alement en espresso ou ristretto.<\/p>\n","protected":false},"excerpt":{"rendered":"<p>Imaginez-vous en train de boire un ristretto sur la piazza della Signoria \u00e0 Florence, \u00e0 observer les passants accompagn\u00e9 du traditionnel verre d&rsquo;eau p\u00e9tillante&#8230;<\/p>\n<p>Avec cet assemblage nous avons cherch\u00e9 \u00e0 restituer les saveurs d&rsquo;un vrai caf\u00e9 italien, compos\u00e9 en grande partie d&rsquo;arabica avec une pointe de robusta (80% arabica du Honduras, 20% robusta du Vietnam)<\/p>\n<p>A consommer id\u00e9alement en espresso ou ristretto.<\/p>\n","protected":false},"featured_media":2696,"template":"","meta":[],"product_brand":[],"product_cat":[58],"product_tag":[60],"class_list":{"0":"post-1220","1":"product","2":"type-product","3":"status-publish","4":"has-post-thumbnail","6":"product_cat-blends","7":"product_tag-melange-italien","9":"first","10":"instock","11":"taxable","12":"shipping-taxable","13":"purchasable","14":"product-type-variable"},"_links":{"self":[{"href":"https:\/\/www.brulerie-chatelet.fr\/index.php?rest_route=\/wp\/v2\/product\/1220","targetHints":{"allow":["GET"]}}],"collection":[{"href":"https:\/\/www.brulerie-chatelet.fr\/index.php?rest_route=\/wp\/v2\/product"}],"about":[{"href":"https:\/\/www.brulerie-chatelet.fr\/index.php?rest_route=\/wp\/v2\/types\/product"}],"wp:featuredmedia":[{"embeddable":true,"href":"https:\/\/www.brulerie-chatelet.fr\/index.php?rest_route=\/wp\/v2\/media\/2696"}],"wp:attachment":[{"href":"https:\/\/www.brulerie-chatelet.fr\/index.php?rest_route=%2Fwp%2Fv2%2Fmedia&parent=1220"}],"wp:term":[{"taxonomy":"product_brand","embeddable":true,"href":"https:\/\/www.brulerie-chatelet.fr\/index.php?rest_route=%2Fwp%2Fv2%2Fproduct_brand&post=1220"},{"taxonomy":"product_cat","embeddable":true,"href":"https:\/\/www.brulerie-chatelet.fr\/index.php?rest_route=%2Fwp%2Fv2%2Fproduct_cat&post=1220"},{"taxonomy":"product_tag","embeddable":true,"href":"https:\/\/www.brulerie-chatelet.fr\/index.php?rest_route=%2Fwp%2Fv2%2Fproduct_tag&post=1220"}],"curies":[{"name":"wp","href":"https:\/\/api.w.org\/{rel}","templated":true}]}}