{"id":1236,"date":"2021-11-09T16:17:07","date_gmt":"2021-11-09T16:17:07","guid":{"rendered":"https:\/\/www.brulerie-chatelet.fr\/?post_type=product&#038;p=1236"},"modified":"2025-09-30T12:16:25","modified_gmt":"2025-09-30T12:16:25","slug":"assemblage-rouge-profond-500g","status":"publish","type":"product","link":"https:\/\/www.brulerie-chatelet.fr\/?product=assemblage-rouge-profond-500g","title":{"rendered":"M\u00e9lange Rouge"},"content":{"rendered":"<p>Cet assemblage fait maison de la Br\u00fblerie Ch\u00e2telet est compos\u00e9 de trois arabicas d&rsquo;Am\u00e9rique du Sud (Guatemala, Br\u00e9sil, Mexique) combin\u00e9s pour vous proposer un caf\u00e9 de caract\u00e8re, tr\u00e8s aromatique tout en restant fin et complexe.<\/p>\n<p>Vous y trouverez toute la rondeur et le velours des caf\u00e9s d&rsquo;Am\u00e9rique Latine avec une puissance qui donnera tout l&rsquo;int\u00e9r\u00eat \u00e0 la tasse. Comme nos autres assemblages nous avons une client\u00e8le fid\u00e8le pour qui ce caf\u00e9 est parfait au quotidien, aussi bien en apr\u00e8s-repas que le matin.<\/p>\n<p>Id\u00e9al en expresso ou machine \u00e0 grains.<\/p>\n<p>&nbsp;<\/p>\n<p>&nbsp;<\/p>\n","protected":false},"excerpt":{"rendered":"<p>Cet assemblage fait maison de la Br\u00fblerie Ch\u00e2telet est compos\u00e9 de trois arabicas d&rsquo;Am\u00e9rique du Sud (Guatemala, Br\u00e9sil, Mexique) combin\u00e9s pour vous proposer un caf\u00e9 de caract\u00e8re, tr\u00e8s aromatique tout en restant fin et complexe.<\/p>\n<p>Vous y trouverez toute la rondeur et le velours des caf\u00e9s d&rsquo;Am\u00e9rique Latine avec une puissance qui donnera tout l&rsquo;int\u00e9r\u00eat \u00e0 la tasse. Comme nos autres assemblages nous avons une client\u00e8le fid\u00e8le pour qui ce caf\u00e9 est parfait au quotidien, aussi bien en apr\u00e8s-repas que le matin.<\/p>\n<p>Id\u00e9al en expresso ou machine \u00e0 grains.<\/p>\n","protected":false},"featured_media":2817,"template":"","meta":[],"product_brand":[],"product_cat":[58],"product_tag":[63],"class_list":{"0":"post-1236","1":"product","2":"type-product","3":"status-publish","4":"has-post-thumbnail","6":"product_cat-blends","7":"product_tag-assemblage-rouge","9":"first","10":"instock","11":"taxable","12":"shipping-taxable","13":"purchasable","14":"product-type-variable"},"_links":{"self":[{"href":"https:\/\/www.brulerie-chatelet.fr\/index.php?rest_route=\/wp\/v2\/product\/1236","targetHints":{"allow":["GET"]}}],"collection":[{"href":"https:\/\/www.brulerie-chatelet.fr\/index.php?rest_route=\/wp\/v2\/product"}],"about":[{"href":"https:\/\/www.brulerie-chatelet.fr\/index.php?rest_route=\/wp\/v2\/types\/product"}],"wp:featuredmedia":[{"embeddable":true,"href":"https:\/\/www.brulerie-chatelet.fr\/index.php?rest_route=\/wp\/v2\/media\/2817"}],"wp:attachment":[{"href":"https:\/\/www.brulerie-chatelet.fr\/index.php?rest_route=%2Fwp%2Fv2%2Fmedia&parent=1236"}],"wp:term":[{"taxonomy":"product_brand","embeddable":true,"href":"https:\/\/www.brulerie-chatelet.fr\/index.php?rest_route=%2Fwp%2Fv2%2Fproduct_brand&post=1236"},{"taxonomy":"product_cat","embeddable":true,"href":"https:\/\/www.brulerie-chatelet.fr\/index.php?rest_route=%2Fwp%2Fv2%2Fproduct_cat&post=1236"},{"taxonomy":"product_tag","embeddable":true,"href":"https:\/\/www.brulerie-chatelet.fr\/index.php?rest_route=%2Fwp%2Fv2%2Fproduct_tag&post=1236"}],"curies":[{"name":"wp","href":"https:\/\/api.w.org\/{rel}","templated":true}]}}

Mélange Rouge

<p>Cet assemblage fait maison de la Brûlerie Châtelet est composé de trois arabicas d&rsquo;Amérique du Sud (Guatemala, Brésil, Mexique) combinés pour vous proposer un café de caractère, très aromatique tout en restant fin et complexe.</p>
<p>Vous y trouverez toute la rondeur et le velours des cafés d&rsquo;Amérique Latine avec une puissance qui donnera tout l&rsquo;intérêt à la tasse. Comme nos autres assemblages nous avons une clientèle fidèle pour qui ce café est parfait au quotidien, aussi bien en après-repas que le matin.</p>
<p>Idéal en expresso ou machine à grains.</p>
<p>&nbsp;</p>
<p>&nbsp;</p>

<p>Cet assemblage fait maison de la Brûlerie Châtelet est composé de trois arabicas d&rsquo;Amérique du Sud (Guatemala, Brésil, Mexique) combinés pour vous proposer un café de caractère, très aromatique tout en restant fin et complexe.</p>
<p>Vous y trouverez toute la rondeur et le velours des cafés d&rsquo;Amérique Latine avec une puissance qui donnera tout l&rsquo;intérêt à la tasse. Comme nos autres assemblages nous avons une clientèle fidèle pour qui ce café est parfait au quotidien, aussi bien en après-repas que le matin.</p>
<p>Idéal en expresso ou machine à grains.</p>
