{"id":1243,"date":"2021-11-09T16:23:39","date_gmt":"2021-11-09T16:23:39","guid":{"rendered":"https:\/\/www.brulerie-chatelet.fr\/?post_type=product&#038;p=1243"},"modified":"2025-09-30T12:09:22","modified_gmt":"2025-09-30T12:09:22","slug":"assemblage-bleu-neon-500g","status":"publish","type":"product","link":"https:\/\/www.brulerie-chatelet.fr\/?product=assemblage-bleu-neon-500g","title":{"rendered":"M\u00e9lange Bleu"},"content":{"rendered":"<p>Cet assemblage \u00ab\u00a0maison\u00a0\u00bb de la Br\u00fblerie Ch\u00e2telet est compos\u00e9 3 arabicas d&rsquo;Am\u00e9rique du Sud et de Robusta du Vietnam. C&rsquo;est un caf\u00e9 charg\u00e9 en caf\u00e9ine mais relativement doux en tasse, avec une torr\u00e9faction plut\u00f4t l\u00e9g\u00e8re pour conserver ce profil \u00ab\u00a0\u00e0 la fran\u00e7aise\u00a0\u00bb.<\/p>\n<p>C&rsquo;est un caf\u00e9 parfait au quotidien si vous avez besoin d&rsquo;une bonne dose de caf\u00e9ine sans sacrifier la complexit\u00e9 en tasse et sans amertume trop prononc\u00e9e.<\/p>\n<p>Id\u00e9al en espresso ou machine \u00e0 grains.<\/p>\n","protected":false},"excerpt":{"rendered":"<p>Cet assemblage \u00ab\u00a0maison\u00a0\u00bb de la Br\u00fblerie Ch\u00e2telet est compos\u00e9 3 arabicas d&rsquo;Am\u00e9rique du Sud et de Robusta du Vietnam. C&rsquo;est un caf\u00e9 charg\u00e9 en caf\u00e9ine mais relativement doux en tasse, avec une torr\u00e9faction plut\u00f4t l\u00e9g\u00e8re pour conserver ce profil \u00ab\u00a0\u00e0 la fran\u00e7aise\u00a0\u00bb.<\/p>\n<p>C&rsquo;est un caf\u00e9 parfait au quotidien si vous avez besoin d&rsquo;une bonne dose de caf\u00e9ine sans sacrifier la complexit\u00e9 en tasse et sans amertume trop prononc\u00e9e.<\/p>\n<p>Id\u00e9al en espresso ou machine \u00e0 grains.<\/p>\n","protected":false},"featured_media":2807,"template":"","meta":[],"product_brand":[],"product_cat":[58],"product_tag":[64],"class_list":{"0":"post-1243","1":"product","2":"type-product","3":"status-publish","4":"has-post-thumbnail","6":"product_cat-blends","7":"product_tag-assemblage-bleu","9":"first","10":"instock","11":"taxable","12":"shipping-taxable","13":"purchasable","14":"product-type-variable"},"_links":{"self":[{"href":"https:\/\/www.brulerie-chatelet.fr\/index.php?rest_route=\/wp\/v2\/product\/1243","targetHints":{"allow":["GET"]}}],"collection":[{"href":"https:\/\/www.brulerie-chatelet.fr\/index.php?rest_route=\/wp\/v2\/product"}],"about":[{"href":"https:\/\/www.brulerie-chatelet.fr\/index.php?rest_route=\/wp\/v2\/types\/product"}],"wp:featuredmedia":[{"embeddable":true,"href":"https:\/\/www.brulerie-chatelet.fr\/index.php?rest_route=\/wp\/v2\/media\/2807"}],"wp:attachment":[{"href":"https:\/\/www.brulerie-chatelet.fr\/index.php?rest_route=%2Fwp%2Fv2%2Fmedia&parent=1243"}],"wp:term":[{"taxonomy":"product_brand","embeddable":true,"href":"https:\/\/www.brulerie-chatelet.fr\/index.php?rest_route=%2Fwp%2Fv2%2Fproduct_brand&post=1243"},{"taxonomy":"product_cat","embeddable":true,"href":"https:\/\/www.brulerie-chatelet.fr\/index.php?rest_route=%2Fwp%2Fv2%2Fproduct_cat&post=1243"},{"taxonomy":"product_tag","embeddable":true,"href":"https:\/\/www.brulerie-chatelet.fr\/index.php?rest_route=%2Fwp%2Fv2%2Fproduct_tag&post=1243"}],"curies":[{"name":"wp","href":"https:\/\/api.w.org\/{rel}","templated":true}]}}

Mélange Bleu

<p>Cet assemblage « maison » de la Brûlerie Châtelet est composé 3 arabicas d&rsquo;Amérique du Sud et de Robusta du Vietnam. C&rsquo;est un café chargé en caféine mais relativement doux en tasse, avec une torréfaction plutôt légère pour conserver ce profil « à la française ».</p>
<p>C&rsquo;est un café parfait au quotidien si vous avez besoin d&rsquo;une bonne dose de caféine sans sacrifier la complexité en tasse et sans amertume trop prononcée.</p>
<p>Idéal en espresso ou machine à grains.</p>
