{"id":1302,"date":"2021-11-09T18:52:27","date_gmt":"2021-11-09T18:52:27","guid":{"rendered":"https:\/\/www.brulerie-chatelet.fr\/?post_type=product&#038;p=1302"},"modified":"2026-02-19T13:38:33","modified_gmt":"2026-02-19T13:38:33","slug":"ceylan-pettiagalla-250g","status":"publish","type":"product","link":"https:\/\/www.brulerie-chatelet.fr\/?product=ceylan-pettiagalla-250g","title":{"rendered":"Ceylan Pettiagalla"},"content":{"rendered":"<p>M\u00e9lange de Darjeeling avec forte proportion de First Flush reconnaissable \u00e0 ses nombreuses particules vertes.<\/p>\n<p><strong data-start=\"0\" data-end=\"27\">Ceylan Pettiagalla (OP)<\/strong> \u2014 Th\u00e9 noir de l\u2019ancienne Ceylan, issu du jardin Pettiagalla en zone montagneuse. Feuilles longues et torsad\u00e9es (grade OP), tasse cuivr\u00e9e <strong data-start=\"165\" data-end=\"182\" data-is-only-node=\"\">vive et nette<\/strong> : notes d\u2019agrumes (orange\/mandarine), miel clair et l\u00e9g\u00e8re pointe \u00e9pic\u00e9e. Astringence fine, finale propre et rafra\u00eechissante.<br data-start=\"308\" data-end=\"311\" \/><em data-start=\"311\" data-end=\"400\">Conseil d\u2019infusion : 90\u201395 \u00b0C \u00b7 3\u20134 min \u00b7 2 g\/100 ml (nature ou avec un nuage de lait).<\/em><\/p>\n","protected":false},"excerpt":{"rendered":"<p><strong data-start=\"0\" data-end=\"27\">Ceylan Pettiagalla (OP)<\/strong> \u2014 Th\u00e9 noir de l\u2019ancienne Ceylan, issu du jardin Pettiagalla en zone montagneuse. Feuilles longues et torsad\u00e9es (grade OP), tasse cuivr\u00e9e <strong data-start=\"165\" data-end=\"182\" data-is-only-node=\"\">vive et nette<\/strong> : notes d\u2019agrumes (orange\/mandarine), miel clair et l\u00e9g\u00e8re pointe \u00e9pic\u00e9e. Astringence fine, finale propre et rafra\u00eechissante.<br data-start=\"308\" data-end=\"311\" \/><em data-start=\"311\" data-end=\"400\">Conseil d\u2019infusion : 90\u201395 \u00b0C \u00b7 3\u20134 min \u00b7 2 g\/100 ml (nature ou avec un nuage de lait).<\/em><\/p>\n","protected":false},"featured_media":1279,"template":"","meta":[],"product_brand":[],"product_cat":[117,65,115,67],"product_tag":[69],"class_list":{"0":"post-1302","1":"product","2":"type-product","3":"status-publish","4":"has-post-thumbnail","6":"product_cat-ceylan","7":"product_cat-the","8":"product_cat-the-noir","9":"product_cat-thes-natures","10":"product_tag-ceylan-pettiagalla","12":"first","13":"instock","14":"taxable","15":"shipping-taxable","16":"purchasable","17":"product-type-variable"},"_links":{"self":[{"href":"https:\/\/www.brulerie-chatelet.fr\/index.php?rest_route=\/wp\/v2\/product\/1302","targetHints":{"allow":["GET"]}}],"collection":[{"href":"https:\/\/www.brulerie-chatelet.fr\/index.php?rest_route=\/wp\/v2\/product"}],"about":[{"href":"https:\/\/www.brulerie-chatelet.fr\/index.php?rest_route=\/wp\/v2\/types\/product"}],"wp:featuredmedia":[{"embeddable":true,"href":"https:\/\/www.brulerie-chatelet.fr\/index.php?rest_route=\/wp\/v2\/media\/1279"}],"wp:attachment":[{"href":"https:\/\/www.brulerie-chatelet.fr\/index.php?rest_route=%2Fwp%2Fv2%2Fmedia&parent=1302"}],"wp:term":[{"taxonomy":"product_brand","embeddable":true,"href":"https:\/\/www.brulerie-chatelet.fr\/index.php?rest_route=%2Fwp%2Fv2%2Fproduct_brand&post=1302"},{"taxonomy":"product_cat","embeddable":true,"href":"https:\/\/www.brulerie-chatelet.fr\/index.php?rest_route=%2Fwp%2Fv2%2Fproduct_cat&post=1302"},{"taxonomy":"product_tag","embeddable":true,"href":"https:\/\/www.brulerie-chatelet.fr\/index.php?rest_route=%2Fwp%2Fv2%2Fproduct_tag&post=1302"}],"curies":[{"name":"wp","href":"https:\/\/api.w.org\/{rel}","templated":true}]}}