{"id":1338,"date":"2021-11-28T15:12:48","date_gmt":"2021-11-28T15:12:48","guid":{"rendered":"https:\/\/www.brulerie-chatelet.fr\/?post_type=product&#038;p=1338"},"modified":"2026-02-19T13:38:34","modified_gmt":"2026-02-19T13:38:34","slug":"sencha-fukuyu-100g","status":"publish","type":"product","link":"https:\/\/www.brulerie-chatelet.fr\/?product=sencha-fukuyu-100g","title":{"rendered":"Sencha Fukuyu"},"content":{"rendered":"<p data-start=\"40\" data-end=\"289\"><strong data-start=\"40\" data-end=\"57\">Sencha Fukuyu<\/strong> \u2014 Th\u00e9 vert japonais roul\u00e9 en aiguilles, vapeur douce. Tasse lumineuse aux notes v\u00e9g\u00e9tales franches (\u00e9pinard, herbe fra\u00eeche), bel <strong data-start=\"187\" data-end=\"196\">umami<\/strong> et pointe fruit\u00e9e (poire nashi\/agrume). Texture soyeuse, amertume ma\u00eetris\u00e9e, finale fra\u00eeche.<\/p>\n<p data-start=\"291\" data-end=\"360\"><em data-start=\"291\" data-end=\"360\">Conseil d\u2019infusion : 70\u201375 \u00b0C \u00b7 1\u20132 min \u00b7 2 g\/100 ml (r\u00e9infusable).<\/em><\/p>\n","protected":false},"excerpt":{"rendered":"<p data-start=\"40\" data-end=\"289\"><strong data-start=\"40\" data-end=\"57\">Sencha Fukuyu<\/strong> \u2014 Th\u00e9 vert japonais roul\u00e9 en aiguilles, vapeur douce. Tasse lumineuse aux notes v\u00e9g\u00e9tales franches (\u00e9pinard, herbe fra\u00eeche), bel <strong data-start=\"187\" data-end=\"196\">umami<\/strong> et pointe fruit\u00e9e (poire nashi\/agrume). Texture soyeuse, amertume ma\u00eetris\u00e9e, finale fra\u00eeche.<\/p>\n<p data-start=\"291\" data-end=\"360\"><em data-start=\"291\" data-end=\"360\">Conseil d\u2019infusion : 70\u201375 \u00b0C \u00b7 1\u20132 min \u00b7 2 g\/100 ml (r\u00e9infusable).<\/em><\/p>\n","protected":false},"featured_media":3080,"template":"","meta":[],"product_brand":[],"product_cat":[111,65,110,67],"product_tag":[71],"class_list":{"0":"post-1338","1":"product","2":"type-product","3":"status-publish","4":"has-post-thumbnail","6":"product_cat-japon","7":"product_cat-the","8":"product_cat-the_vert","9":"product_cat-thes-natures","10":"product_tag-sencha-fukuyu","12":"first","13":"instock","14":"taxable","15":"shipping-taxable","16":"purchasable","17":"product-type-variable"},"_links":{"self":[{"href":"https:\/\/www.brulerie-chatelet.fr\/index.php?rest_route=\/wp\/v2\/product\/1338","targetHints":{"allow":["GET"]}}],"collection":[{"href":"https:\/\/www.brulerie-chatelet.fr\/index.php?rest_route=\/wp\/v2\/product"}],"about":[{"href":"https:\/\/www.brulerie-chatelet.fr\/index.php?rest_route=\/wp\/v2\/types\/product"}],"wp:featuredmedia":[{"embeddable":true,"href":"https:\/\/www.brulerie-chatelet.fr\/index.php?rest_route=\/wp\/v2\/media\/3080"}],"wp:attachment":[{"href":"https:\/\/www.brulerie-chatelet.fr\/index.php?rest_route=%2Fwp%2Fv2%2Fmedia&parent=1338"}],"wp:term":[{"taxonomy":"product_brand","embeddable":true,"href":"https:\/\/www.brulerie-chatelet.fr\/index.php?rest_route=%2Fwp%2Fv2%2Fproduct_brand&post=1338"},{"taxonomy":"product_cat","embeddable":true,"href":"https:\/\/www.brulerie-chatelet.fr\/index.php?rest_route=%2Fwp%2Fv2%2Fproduct_cat&post=1338"},{"taxonomy":"product_tag","embeddable":true,"href":"https:\/\/www.brulerie-chatelet.fr\/index.php?rest_route=%2Fwp%2Fv2%2Fproduct_tag&post=1338"}],"curies":[{"name":"wp","href":"https:\/\/api.w.org\/{rel}","templated":true}]}}