{"id":1395,"date":"2021-12-06T15:38:32","date_gmt":"2021-12-06T15:38:32","guid":{"rendered":"https:\/\/www.brulerie-chatelet.fr\/?post_type=product&#038;p=1395"},"modified":"2026-02-19T13:38:34","modified_gmt":"2026-02-19T13:38:34","slug":"chai-100g","status":"publish","type":"product","link":"https:\/\/www.brulerie-chatelet.fr\/?product=chai-100g","title":{"rendered":"Th\u00e9 Cha\u00ef"},"content":{"rendered":"<p data-start=\"0\" data-end=\"306\"><strong data-start=\"0\" data-end=\"35\">Chai Noir \u2014 sans ar\u00f4mes ajout\u00e9s<\/strong> \u2014 Assemblage chaleureux de th\u00e9 noir (base Assam\/Ceylan) et d\u2019\u00e9pices enti\u00e8res <strong data-start=\"113\" data-end=\"133\">100 % naturelles<\/strong> : cardamome, cannelle, gingembre, clou de girofle, poivre\u2026 Les \u00e9pices sont simplement concass\u00e9es puis m\u00eal\u00e9es au th\u00e9, sans ar\u00f4mes ajout\u00e9s, pour un parfum authentique et net.<\/p>\n<p data-start=\"308\" data-end=\"614\">En tasse, la trame <strong data-start=\"327\" data-end=\"337\">malt\u00e9e<\/strong> du th\u00e9 porte un bouquet \u00e9pic\u00e9 pr\u00e9cis : cardamome lumineuse, cannelle gourmande, chaleur du gingembre,\u00a0 clou de girofle et pointe poivr\u00e9e en finale. Rondeur, \u00e9nergie et belle longueur. D\u00e9licieux nature ; avec du lait, il devient un <strong data-start=\"577\" data-end=\"591\">chai latte<\/strong> riche et r\u00e9confortant.<\/p>\n<p data-start=\"616\" data-end=\"846\"><em data-start=\"616\" data-end=\"654\">Conseils d\u2019infusion (tasse nature) :<\/em> 90\u201395 \u00b0C \u00b7 3\u20134 min \u00b7 2 g\/100 ml.<br data-start=\"687\" data-end=\"690\" \/><em data-start=\"690\" data-end=\"711\">Chai latte maison :<\/em> 3\u20134 g pour 200 ml d\u2019eau + 200 ml de lait, fr\u00e9mir 3\u20135 min, laisser reposer 2\u20133 min, filtrer. Sucrer selon le go\u00fbt (sucre brut ou miel).<\/p>\n","protected":false},"excerpt":{"rendered":"<p data-start=\"0\" data-end=\"306\"><strong data-start=\"0\" data-end=\"35\">Chai Noir \u2014 sans ar\u00f4mes ajout\u00e9s<\/strong> \u2014 Assemblage chaleureux de th\u00e9 noir (base Assam\/Ceylan) et d\u2019\u00e9pices enti\u00e8res <strong data-start=\"113\" data-end=\"133\">100 % naturelles<\/strong> : cardamome, cannelle, gingembre, clou de girofle, poivre\u2026 Les \u00e9pices sont simplement concass\u00e9es puis m\u00eal\u00e9es au th\u00e9, sans ar\u00f4mes ajout\u00e9s, pour un parfum authentique et net.<\/p>\n<p data-start=\"308\" data-end=\"614\">En tasse, la trame <strong data-start=\"327\" data-end=\"337\">malt\u00e9e<\/strong> du th\u00e9 porte un bouquet \u00e9pic\u00e9 pr\u00e9cis : cardamome lumineuse, cannelle gourmande, chaleur du gingembre,\u00a0 clou de girofle et pointe poivr\u00e9e en finale. Rondeur, \u00e9nergie et belle longueur. D\u00e9licieux nature ; avec du lait, il devient un <strong data-start=\"577\" data-end=\"591\">chai latte<\/strong> riche et r\u00e9confortant.<\/p>\n<p data-start=\"616\" data-end=\"846\"><em data-start=\"616\" data-end=\"654\">Conseils d\u2019infusion (tasse nature) :<\/em> 90\u201395 \u00b0C \u00b7 3\u20134 min \u00b7 2 g\/100 ml.<br data-start=\"687\" data-end=\"690\" \/><em data-start=\"690\" data-end=\"711\">Chai latte maison :<\/em> 3\u20134 g pour 200 ml d\u2019eau + 200 ml de lait, fr\u00e9mir 3\u20135 min, laisser reposer 2\u20133 min, filtrer. Sucrer selon le go\u00fbt (sucre brut ou miel).<\/p>\n","protected":false},"featured_media":1397,"template":"","meta":[],"product_brand":[],"product_cat":[116,65,115,67],"product_tag":[76],"class_list":{"0":"post-1395","1":"product","2":"type-product","3":"status-publish","4":"has-post-thumbnail","6":"product_cat-inde-the","7":"product_cat-the","8":"product_cat-the-noir","9":"product_cat-thes-natures","10":"product_tag-chai","12":"first","13":"instock","14":"taxable","15":"shipping-taxable","16":"purchasable","17":"product-type-variable"},"_links":{"self":[{"href":"https:\/\/www.brulerie-chatelet.fr\/index.php?rest_route=\/wp\/v2\/product\/1395","targetHints":{"allow":["GET"]}}],"collection":[{"href":"https:\/\/www.brulerie-chatelet.fr\/index.php?rest_route=\/wp\/v2\/product"}],"about":[{"href":"https:\/\/www.brulerie-chatelet.fr\/index.php?rest_route=\/wp\/v2\/types\/product"}],"wp:featuredmedia":[{"embeddable":true,"href":"https:\/\/www.brulerie-chatelet.fr\/index.php?rest_route=\/wp\/v2\/media\/1397"}],"wp:attachment":[{"href":"https:\/\/www.brulerie-chatelet.fr\/index.php?rest_route=%2Fwp%2Fv2%2Fmedia&parent=1395"}],"wp:term":[{"taxonomy":"product_brand","embeddable":true,"href":"https:\/\/www.brulerie-chatelet.fr\/index.php?rest_route=%2Fwp%2Fv2%2Fproduct_brand&post=1395"},{"taxonomy":"product_cat","embeddable":true,"href":"https:\/\/www.brulerie-chatelet.fr\/index.php?rest_route=%2Fwp%2Fv2%2Fproduct_cat&post=1395"},{"taxonomy":"product_tag","embeddable":true,"href":"https:\/\/www.brulerie-chatelet.fr\/index.php?rest_route=%2Fwp%2Fv2%2Fproduct_tag&post=1395"}],"curies":[{"name":"wp","href":"https:\/\/api.w.org\/{rel}","templated":true}]}}