{"id":1634,"date":"2022-01-14T15:14:17","date_gmt":"2022-01-14T15:14:17","guid":{"rendered":"https:\/\/www.brulerie-chatelet.fr\/?post_type=product&#038;p=1634"},"modified":"2025-09-30T12:03:25","modified_gmt":"2025-09-30T12:03:25","slug":"cuba-turquino-500g","status":"publish","type":"product","link":"https:\/\/www.brulerie-chatelet.fr\/?product=cuba-turquino-500g","title":{"rendered":"Cuba \u00ab\u00a0Sierra Maestra\u00a0\u00bb Turquino"},"content":{"rendered":"<p>Ce caf\u00e9 cultiv\u00e9 sous ombrage offre une tasse acidul\u00e9e aux notes chocolat\u00e9es. Il provient de plusieurs petits producteurs dont les plantations de caf\u00e9 sont situ\u00e9es sur les pentes de la Sierra Maestra, une chaine de montagnes au sud-est de l&rsquo;\u00eele. Les principales vari\u00e9t\u00e9s cultiv\u00e9es sont le typica, le bourbon, le catuai et le caturra.<\/p>\n<p>Cet arabica est r\u00e9put\u00e9 pour son intensit\u00e9 aromatique, pour une tasse charpent\u00e9e, riche et g\u00e9n\u00e9reuse.<\/p>\n<p>Particuli\u00e8rement adapt\u00e9 \u00e0 l&rsquo;expresso ou aux machines \u00e0 grains.<\/p>\n","protected":false},"excerpt":{"rendered":"<p>Ce caf\u00e9 cultiv\u00e9 sous ombrage offre une tasse acidul\u00e9e aux notes chocolat\u00e9es. Il provient de plusieurs petits producteurs dont les plantations de caf\u00e9 sont situ\u00e9es sur les pentes de la Sierra Maestra, une chaine de montagnes au sud-est de l&rsquo;\u00eele. Les principales vari\u00e9t\u00e9s cultiv\u00e9es sont le typica, le bourbon, le catuai et le caturra.<\/p>\n<p>Cet arabica est r\u00e9put\u00e9 pour son intensit\u00e9 aromatique, pour une tasse charpent\u00e9e, riche et g\u00e9n\u00e9reuse.<\/p>\n<p>Particuli\u00e8rement adapt\u00e9 \u00e0 l&rsquo;expresso ou aux machines \u00e0 grains.<\/p>\n","protected":false},"featured_media":2664,"template":"","meta":[],"product_brand":[],"product_cat":[78],"product_tag":[79],"class_list":{"0":"post-1634","1":"product","2":"type-product","3":"status-publish","4":"has-post-thumbnail","6":"product_cat-cuba","7":"product_tag-cuba","9":"first","10":"instock","11":"taxable","12":"shipping-taxable","13":"purchasable","14":"product-type-variable"},"_links":{"self":[{"href":"https:\/\/www.brulerie-chatelet.fr\/index.php?rest_route=\/wp\/v2\/product\/1634","targetHints":{"allow":["GET"]}}],"collection":[{"href":"https:\/\/www.brulerie-chatelet.fr\/index.php?rest_route=\/wp\/v2\/product"}],"about":[{"href":"https:\/\/www.brulerie-chatelet.fr\/index.php?rest_route=\/wp\/v2\/types\/product"}],"wp:featuredmedia":[{"embeddable":true,"href":"https:\/\/www.brulerie-chatelet.fr\/index.php?rest_route=\/wp\/v2\/media\/2664"}],"wp:attachment":[{"href":"https:\/\/www.brulerie-chatelet.fr\/index.php?rest_route=%2Fwp%2Fv2%2Fmedia&parent=1634"}],"wp:term":[{"taxonomy":"product_brand","embeddable":true,"href":"https:\/\/www.brulerie-chatelet.fr\/index.php?rest_route=%2Fwp%2Fv2%2Fproduct_brand&post=1634"},{"taxonomy":"product_cat","embeddable":true,"href":"https:\/\/www.brulerie-chatelet.fr\/index.php?rest_route=%2Fwp%2Fv2%2Fproduct_cat&post=1634"},{"taxonomy":"product_tag","embeddable":true,"href":"https:\/\/www.brulerie-chatelet.fr\/index.php?rest_route=%2Fwp%2Fv2%2Fproduct_tag&post=1634"}],"curies":[{"name":"wp","href":"https:\/\/api.w.org\/{rel}","templated":true}]}}

<p>Ce café cultivé sous ombrage offre une tasse acidulée aux notes chocolatées. Il provient de plusieurs petits producteurs dont les plantations de café sont situées sur les pentes de la Sierra Maestra, une chaine de montagnes au sud-est de l&rsquo;île. Les principales variétés cultivées sont le typica, le bourbon, le catuai et le caturra.</p>
<p>Cet arabica est réputé pour son intensité aromatique, pour une tasse charpentée, riche et généreuse.</p>
<p>Particulièrement adapté à l&rsquo;expresso ou aux machines à grains.</p>
