{"id":1876,"date":"2023-04-26T12:36:15","date_gmt":"2023-04-26T12:36:15","guid":{"rendered":"https:\/\/www.brulerie-chatelet.fr\/?post_type=product&#038;p=1876"},"modified":"2026-02-19T13:38:34","modified_gmt":"2026-02-19T13:38:34","slug":"the-vert-lung-ching-100g","status":"publish","type":"product","link":"https:\/\/www.brulerie-chatelet.fr\/?product=the-vert-lung-ching-100g","title":{"rendered":"Th\u00e9 Vert Lung Ching"},"content":{"rendered":"<p data-start=\"0\" data-end=\"270\"><strong data-start=\"0\" data-end=\"40\">Lung Ching (Long Jing \/ Dragon Well)<\/strong> \u2014 Grand th\u00e9 vert de Hangzhou aux feuilles plates, cuites au wok. Tasse limpide et douce, notes de <strong data-start=\"139\" data-end=\"160\">ch\u00e2taigne grill\u00e9e<\/strong>, c\u00e9r\u00e9ales fines et l\u00e9gumes verts tendres, avec une pointe florale. Faible amertume, belle longueur moelleuse.<\/p>\n<p data-start=\"272\" data-end=\"350\"><em data-start=\"272\" data-end=\"350\">Conseil d\u2019infusion : 75\u201380 \u00b0C \u00b7 2\u20133 min \u00b7 2 g\/100 ml (r\u00e9infusable 2\u20133 fois).<\/em><\/p>\n","protected":false},"excerpt":{"rendered":"<p data-start=\"0\" data-end=\"270\"><strong data-start=\"0\" data-end=\"40\">Lung Ching (Long Jing \/ Dragon Well)<\/strong> \u2014 Grand th\u00e9 vert de Hangzhou aux feuilles plates, cuites au wok. Tasse limpide et douce, notes de <strong data-start=\"139\" data-end=\"160\">ch\u00e2taigne grill\u00e9e<\/strong>, c\u00e9r\u00e9ales fines et l\u00e9gumes verts tendres, avec une pointe florale. Faible amertume, belle longueur moelleuse.<\/p>\n<p data-start=\"272\" data-end=\"350\"><em data-start=\"272\" data-end=\"350\">Conseil d\u2019infusion : 75\u201380 \u00b0C \u00b7 2\u20133 min \u00b7 2 g\/100 ml (r\u00e9infusable 2\u20133 fois).<\/em><\/p>\n","protected":false},"featured_media":1877,"template":"","meta":[],"product_brand":[],"product_cat":[114,65,110,67],"product_tag":[82],"class_list":{"0":"post-1876","1":"product","2":"type-product","3":"status-publish","4":"has-post-thumbnail","6":"product_cat-chine","7":"product_cat-the","8":"product_cat-the_vert","9":"product_cat-thes-natures","10":"product_tag-lung-ching","12":"first","13":"instock","14":"taxable","15":"shipping-taxable","16":"purchasable","17":"product-type-variable"},"_links":{"self":[{"href":"https:\/\/www.brulerie-chatelet.fr\/index.php?rest_route=\/wp\/v2\/product\/1876","targetHints":{"allow":["GET"]}}],"collection":[{"href":"https:\/\/www.brulerie-chatelet.fr\/index.php?rest_route=\/wp\/v2\/product"}],"about":[{"href":"https:\/\/www.brulerie-chatelet.fr\/index.php?rest_route=\/wp\/v2\/types\/product"}],"wp:featuredmedia":[{"embeddable":true,"href":"https:\/\/www.brulerie-chatelet.fr\/index.php?rest_route=\/wp\/v2\/media\/1877"}],"wp:attachment":[{"href":"https:\/\/www.brulerie-chatelet.fr\/index.php?rest_route=%2Fwp%2Fv2%2Fmedia&parent=1876"}],"wp:term":[{"taxonomy":"product_brand","embeddable":true,"href":"https:\/\/www.brulerie-chatelet.fr\/index.php?rest_route=%2Fwp%2Fv2%2Fproduct_brand&post=1876"},{"taxonomy":"product_cat","embeddable":true,"href":"https:\/\/www.brulerie-chatelet.fr\/index.php?rest_route=%2Fwp%2Fv2%2Fproduct_cat&post=1876"},{"taxonomy":"product_tag","embeddable":true,"href":"https:\/\/www.brulerie-chatelet.fr\/index.php?rest_route=%2Fwp%2Fv2%2Fproduct_tag&post=1876"}],"curies":[{"name":"wp","href":"https:\/\/api.w.org\/{rel}","templated":true}]}}