{"id":2077,"date":"2024-04-06T11:12:12","date_gmt":"2024-04-06T11:12:12","guid":{"rendered":"https:\/\/www.brulerie-chatelet.fr\/?post_type=product&#038;p=2077"},"modified":"2025-09-30T12:05:44","modified_gmt":"2025-09-30T12:05:44","slug":"decafeine-colombie-chevere-500g","status":"publish","type":"product","link":"https:\/\/www.brulerie-chatelet.fr\/?product=decafeine-colombie-chevere-500g","title":{"rendered":"D\u00e9caf\u00e9in\u00e9 Colombie Chevere"},"content":{"rendered":"<p>Ce caf\u00e9 tr\u00e8s sp\u00e9cial a \u00e9t\u00e9 d\u00e9caf\u00e9in\u00e9 gr\u00e2ce \u00e0 la m\u00e9thode \u00ab\u00a0Sugar Cane\u00a0\u00bb, \u00e0 base d\u2019extrait de canne \u00e0 sucre. Il s\u2019agit d\u2019un proc\u00e9d\u00e9 unique au monde, qui \u00e9limine la caf\u00e9ine sans toucher aux ar\u00f4mes du caf\u00e9 mais en y ajoutant une touche douce et gourmande.<\/p>\n<p>Il est produit dans les montagnes qui entourent la ville de Popayan. Les hauts plateaux de la r\u00e9gion de Cauca sont id\u00e9aux pour la production de caf\u00e9, avec un sol volcanique et un climat stable toute l\u2019ann\u00e9e, prot\u00e9g\u00e9 de l\u2019humidit\u00e9 du Pacifique et des aliz\u00e9s du sud gr\u00e2ce aux montagnes qui l\u2019entoure.<\/p>\n<p>Si vous consommez du caf\u00e9 d\u00e9ca ou que vous \u00eates curieux alors foncez : il m\u00e9rite d&rsquo;\u00eatre d\u00e9couvert !<\/p>\n","protected":false},"excerpt":{"rendered":"<p>Ce caf\u00e9 tr\u00e8s sp\u00e9cial a \u00e9t\u00e9 d\u00e9caf\u00e9in\u00e9 gr\u00e2ce \u00e0 la m\u00e9thode \u00ab\u00a0Sugar Cane\u00a0\u00bb, \u00e0 base d\u2019extrait de canne \u00e0 sucre. Il s\u2019agit d\u2019un proc\u00e9d\u00e9 unique au monde, qui \u00e9limine la caf\u00e9ine sans toucher aux ar\u00f4mes du caf\u00e9 mais en y ajoutant une touche douce et gourmande.<\/p>\n<p>Il est produit dans les montagnes qui entourent la ville de Popayan. Les hauts plateaux de la r\u00e9gion de Cauca sont id\u00e9aux pour la production de caf\u00e9, avec un sol volcanique et un climat stable toute l\u2019ann\u00e9e, prot\u00e9g\u00e9 de l\u2019humidit\u00e9 du Pacifique et des aliz\u00e9s du sud gr\u00e2ce aux montagnes qui l\u2019entoure.<\/p>\n<p>Si vous consommez du caf\u00e9 d\u00e9ca ou que vous \u00eates curieux alors foncez : il m\u00e9rite d&rsquo;\u00eatre d\u00e9couvert !<\/p>\n","protected":false},"featured_media":2698,"template":"","meta":[],"product_brand":[],"product_cat":[52,61],"product_tag":[62],"class_list":{"0":"post-2077","1":"product","2":"type-product","3":"status-publish","4":"has-post-thumbnail","6":"product_cat-colombie","7":"product_cat-deca","8":"product_tag-deca","10":"first","11":"instock","12":"taxable","13":"shipping-taxable","14":"purchasable","15":"product-type-variable"},"_links":{"self":[{"href":"https:\/\/www.brulerie-chatelet.fr\/index.php?rest_route=\/wp\/v2\/product\/2077","targetHints":{"allow":["GET"]}}],"collection":[{"href":"https:\/\/www.brulerie-chatelet.fr\/index.php?rest_route=\/wp\/v2\/product"}],"about":[{"href":"https:\/\/www.brulerie-chatelet.fr\/index.php?rest_route=\/wp\/v2\/types\/product"}],"wp:featuredmedia":[{"embeddable":true,"href":"https:\/\/www.brulerie-chatelet.fr\/index.php?rest_route=\/wp\/v2\/media\/2698"}],"wp:attachment":[{"href":"https:\/\/www.brulerie-chatelet.fr\/index.php?rest_route=%2Fwp%2Fv2%2Fmedia&parent=2077"}],"wp:term":[{"taxonomy":"product_brand","embeddable":true,"href":"https:\/\/www.brulerie-chatelet.fr\/index.php?rest_route=%2Fwp%2Fv2%2Fproduct_brand&post=2077"},{"taxonomy":"product_cat","embeddable":true,"href":"https:\/\/www.brulerie-chatelet.fr\/index.php?rest_route=%2Fwp%2Fv2%2Fproduct_cat&post=2077"},{"taxonomy":"product_tag","embeddable":true,"href":"https:\/\/www.brulerie-chatelet.fr\/index.php?rest_route=%2Fwp%2Fv2%2Fproduct_tag&post=2077"}],"curies":[{"name":"wp","href":"https:\/\/api.w.org\/{rel}","templated":true}]}}

Décaféiné Colombie Chevere

<p>Ce café très spécial a été décaféiné grâce à la méthode « Sugar Cane », à base d’extrait de canne à sucre. Il s’agit d’un procédé unique au monde, qui élimine la caféine sans toucher aux arômes du café mais en y ajoutant une touche douce et gourmande.</p>
<p>Il est produit dans les montagnes qui entourent la ville de Popayan. Les hauts plateaux de la région de Cauca sont idéaux pour la production de café, avec un sol volcanique et un climat stable toute l’année, protégé de l’humidité du Pacifique et des alizés du sud grâce aux montagnes qui l’entoure.</p>
<p>Si vous consommez du café déca ou que vous êtes curieux alors foncez : il mérite d&rsquo;être découvert !</p>
