{"id":3175,"date":"2025-10-07T08:33:42","date_gmt":"2025-10-07T08:33:42","guid":{"rendered":"https:\/\/www.brulerie-chatelet.fr\/?post_type=product&#038;p=3175"},"modified":"2026-02-19T13:38:34","modified_gmt":"2026-02-19T13:38:34","slug":"tisane-douceur-des-cimes","status":"publish","type":"product","link":"https:\/\/www.brulerie-chatelet.fr\/?product=tisane-douceur-des-cimes","title":{"rendered":"Tisane Douceur des Cimes"},"content":{"rendered":"<p>Un m\u00e9lange original et naturel de verveine, de m\u00e9lisse, d&rsquo;orange et de pomme avec une note de cannelle et d&rsquo;amande, le tout parsem\u00e9 de p\u00e9tales de pivoine. Une tisane qui apporte douceur et r\u00e9confort lors des longues soir\u00e9es d&rsquo;hiver. \u00c0 savourer au coin du feu.<\/p>\n<p>Elabor\u00e9e dans les ateliers Compagnie&amp;Co \u00e0 Dissay dans la Vienne, Douceur des Cimes est <strong>un m\u00e9lange original et naturel<\/strong> de m\u00e9lisse, de verveine, d\u2019orange et de cannelle, avec une note de pomme et d\u2019amande, le tout parsem\u00e9 de p\u00e9tales de pivoine.<\/p>\n<p>Des ingr\u00e9dients qui ont la r\u00e9putation d&rsquo;apporter un certain<strong> bien-\u00eatre<\/strong>, et d&rsquo;autres qui contribuent \u00e0 \u00e9veiller les papilles, pour en faire une tisane \u00e0 d\u00e9guster sans retenue apr\u00e8s les longues soir\u00e9es d&rsquo;hiver.<\/p>\n<p>Tout d&rsquo;abord la <strong>m\u00e9lisse<\/strong> :\u00a0 elle est riche en flavono\u00efdes, et en acides ph\u00e9nols, en plus de faciliter la digestion, elle poss\u00e8de des vertus s\u00e9datives et calmantes.<\/p>\n<p>Son l\u00e9ger parfum citronn\u00e9 \u00e9veille nos papilles.<\/p>\n<p>La <b>verveine<\/b>\u00a0a elle aussi de nombreuses vertus apaisantes.<\/p>\n<p><strong>Les autres fruits<\/strong> apportent un go\u00fbt agr\u00e9able et \u00e9quilibr\u00e9, et enfin la cannelle qui contient des antioxydants est utiles pour neutraliser les radicaux libres.<\/p>\n<p><strong>A infuser \u00e0 85-90\u00b0C pendant 3 \u00e0 5 minutes.<\/strong><\/p>\n","protected":false},"excerpt":{"rendered":"<p>Un m\u00e9lange original et naturel de verveine, de m\u00e9lisse, d&rsquo;orange et de pomme avec une note de cannelle et d&rsquo;amande, le tout parsem\u00e9 de p\u00e9tales de pivoine. Une tisane qui apporte douceur et r\u00e9confort lors des longues soir\u00e9es d&rsquo;hiver. \u00c0 savourer au coin du feu.<\/p>\n<p>Elabor\u00e9e dans les ateliers Compagnie&amp;Co \u00e0 Dissay dans la Vienne, Douceur des Cimes est <strong>un m\u00e9lange original et naturel<\/strong> de m\u00e9lisse, de verveine, d\u2019orange et de cannelle, avec une note de pomme et d\u2019amande, le tout parsem\u00e9 de p\u00e9tales de pivoine.<\/p>\n<p>Des ingr\u00e9dients qui ont la r\u00e9putation d&rsquo;apporter un certain<strong> bien-\u00eatre<\/strong>, et d&rsquo;autres qui contribuent \u00e0 \u00e9veiller les papilles, pour en faire une tisane \u00e0 d\u00e9guster sans retenue apr\u00e8s les longues soir\u00e9es d&rsquo;hiver.<\/p>\n<p>Tout d&rsquo;abord la <strong>m\u00e9lisse<\/strong> :\u00a0 elle est riche en flavono\u00efdes, et en acides ph\u00e9nols, en plus de faciliter la digestion, elle poss\u00e8de des vertus s\u00e9datives et calmantes.<\/p>\n<p>Son l\u00e9ger parfum citronn\u00e9 \u00e9veille nos papilles.<\/p>\n<p>La <b>verveine<\/b>\u00a0a elle aussi de nombreuses vertus apaisantes.<\/p>\n<p><strong>Les autres fruits<\/strong> apportent un go\u00fbt agr\u00e9able et \u00e9quilibr\u00e9, et enfin la cannelle qui contient des antioxydants est utiles pour neutraliser les radicaux libres.<\/p>\n<p><strong>A infuser \u00e0 85-90\u00b0C pendant 3 \u00e0 5 minutes.<\/strong><\/p>\n","protected":false},"featured_media":3179,"template":"","meta":[],"product_brand":[],"product_cat":[65,128],"product_tag":[129],"class_list":{"0":"post-3175","1":"product","2":"type-product","3":"status-publish","4":"has-post-thumbnail","6":"product_cat-the","7":"product_cat-tisane-infusion","8":"product_tag-douceur-des-cimes","10":"first","11":"instock","12":"taxable","13":"shipping-taxable","14":"purchasable","15":"product-type-variable"},"_links":{"self":[{"href":"https:\/\/www.brulerie-chatelet.fr\/index.php?rest_route=\/wp\/v2\/product\/3175","targetHints":{"allow":["GET"]}}],"collection":[{"href":"https:\/\/www.brulerie-chatelet.fr\/index.php?rest_route=\/wp\/v2\/product"}],"about":[{"href":"https:\/\/www.brulerie-chatelet.fr\/index.php?rest_route=\/wp\/v2\/types\/product"}],"wp:featuredmedia":[{"embeddable":true,"href":"https:\/\/www.brulerie-chatelet.fr\/index.php?rest_route=\/wp\/v2\/media\/3179"}],"wp:attachment":[{"href":"https:\/\/www.brulerie-chatelet.fr\/index.php?rest_route=%2Fwp%2Fv2%2Fmedia&parent=3175"}],"wp:term":[{"taxonomy":"product_brand","embeddable":true,"href":"https:\/\/www.brulerie-chatelet.fr\/index.php?rest_route=%2Fwp%2Fv2%2Fproduct_brand&post=3175"},{"taxonomy":"product_cat","embeddable":true,"href":"https:\/\/www.brulerie-chatelet.fr\/index.php?rest_route=%2Fwp%2Fv2%2Fproduct_cat&post=3175"},{"taxonomy":"product_tag","embeddable":true,"href":"https:\/\/www.brulerie-chatelet.fr\/index.php?rest_route=%2Fwp%2Fv2%2Fproduct_tag&post=3175"}],"curies":[{"name":"wp","href":"https:\/\/api.w.org\/{rel}","templated":true}]}}

<p>Un mélange original et naturel de verveine, de mélisse, d&rsquo;orange et de pomme avec une note de cannelle et d&rsquo;amande, le tout parsemé de pétales de pivoine. Une tisane qui apporte douceur et réconfort lors des longues soirées d&rsquo;hiver. À savourer au coin du feu.</p>
<p>Elaborée dans les ateliers Compagnie&amp;Co à Dissay dans la Vienne, Douceur des Cimes est <strong>un mélange original et naturel</strong> de mélisse, de verveine, d’orange et de cannelle, avec une note de pomme et d’amande, le tout parsemé de pétales de pivoine.</p>
<p>Des ingrédients qui ont la réputation d&rsquo;apporter un certain<strong> bien-être</strong>, et d&rsquo;autres qui contribuent à éveiller les papilles, pour en faire une tisane à déguster sans retenue après les longues soirées d&rsquo;hiver.</p>
<p>Tout d&rsquo;abord la <strong>mélisse</strong> :  elle est riche en flavonoïdes, et en acides phénols, en plus de faciliter la digestion, elle possède des vertus sédatives et calmantes.</p>
<p>Son léger parfum citronné éveille nos papilles.</p>
<p>La <b>verveine</b> a elle aussi de nombreuses vertus apaisantes.</p>
<p><strong>Les autres fruits</strong> apportent un goût agréable et équilibré, et enfin la cannelle qui contient des antioxydants est utiles pour neutraliser les radicaux libres.</p>
<p><strong>A infuser à 85-90°C pendant 3 à 5 minutes.</strong></p>
