{"id":3290,"date":"2026-02-10T11:11:06","date_gmt":"2026-02-10T11:11:06","guid":{"rendered":"https:\/\/www.brulerie-chatelet.fr\/?post_type=product&#038;p=3290"},"modified":"2026-04-15T16:32:36","modified_gmt":"2026-04-15T16:32:36","slug":"moka-gera","status":"publish","type":"product","link":"https:\/\/www.brulerie-chatelet.fr\/?product=moka-gera","title":{"rendered":"Moka Gera"},"content":{"rendered":"<p>Ce moka provient du terroir de Limu, au c\u0153ur des hauts plateaux \u00e9thiopiens. Issu de la vari\u00e9t\u00e9 arabica Heirloom \u2014 une vari\u00e9t\u00e9 traditionnelle et end\u00e9mique d&rsquo;\u00c9thiopie, embl\u00e9matique des c\u00e9r\u00e9monies du caf\u00e9 \u2014 ce cru d&rsquo;altitude (environ 2000 m\u00e8tres) se distingue par sa finesse et son \u00e9l\u00e9gance.<\/p>\n<p>Son profil aromatique, clairement fruit\u00e9 mais sans acidit\u00e9 excessive, offre une tasse \u00e9quilibr\u00e9e, surprenante de douceur.<br data-start=\"565\" data-end=\"568\" \/>Un caf\u00e9 polyvalent, id\u00e9al aussi bien en espresso qu\u2019en m\u00e9thode douce.<\/p>\n","protected":false},"excerpt":{"rendered":"<p>Ce moka provient du terroir de Limu, au c\u0153ur des hauts plateaux \u00e9thiopiens. Issu de la vari\u00e9t\u00e9 arabica Heirloom \u2014 une vari\u00e9t\u00e9 traditionnelle et end\u00e9mique d&rsquo;\u00c9thiopie, embl\u00e9matique des c\u00e9r\u00e9monies du caf\u00e9 \u2014 ce cru d&rsquo;altitude (environ 2000 m\u00e8tres) se distingue par sa finesse et son \u00e9l\u00e9gance.<\/p>\n<p>Son profil aromatique, clairement fruit\u00e9 mais sans acidit\u00e9 excessive, offre une tasse \u00e9quilibr\u00e9e, surprenante de douceur.<br data-start=\"565\" data-end=\"568\" \/>Un caf\u00e9 polyvalent, id\u00e9al aussi bien en espresso qu\u2019en m\u00e9thode douce.<\/p>\n<p>&nbsp;<\/p>\n<p>C&rsquo;est un caf\u00e9 tr\u00e8s versatile qui conviendra aussi bien aux expressos qu&rsquo;au caf\u00e9 filtre ou piston.<\/p>\n","protected":false},"featured_media":3299,"template":"","meta":[],"product_brand":[],"product_cat":[98,28],"product_tag":[141],"class_list":{"0":"post-3290","1":"product","2":"type-product","3":"status-publish","4":"has-post-thumbnail","6":"product_cat-cafes-saisonniers","7":"product_cat-ethiopie","8":"product_tag-moka-gera","10":"first","11":"instock","12":"taxable","13":"shipping-taxable","14":"purchasable","15":"product-type-variable"},"_links":{"self":[{"href":"https:\/\/www.brulerie-chatelet.fr\/index.php?rest_route=\/wp\/v2\/product\/3290","targetHints":{"allow":["GET"]}}],"collection":[{"href":"https:\/\/www.brulerie-chatelet.fr\/index.php?rest_route=\/wp\/v2\/product"}],"about":[{"href":"https:\/\/www.brulerie-chatelet.fr\/index.php?rest_route=\/wp\/v2\/types\/product"}],"wp:featuredmedia":[{"embeddable":true,"href":"https:\/\/www.brulerie-chatelet.fr\/index.php?rest_route=\/wp\/v2\/media\/3299"}],"wp:attachment":[{"href":"https:\/\/www.brulerie-chatelet.fr\/index.php?rest_route=%2Fwp%2Fv2%2Fmedia&parent=3290"}],"wp:term":[{"taxonomy":"product_brand","embeddable":true,"href":"https:\/\/www.brulerie-chatelet.fr\/index.php?rest_route=%2Fwp%2Fv2%2Fproduct_brand&post=3290"},{"taxonomy":"product_cat","embeddable":true,"href":"https:\/\/www.brulerie-chatelet.fr\/index.php?rest_route=%2Fwp%2Fv2%2Fproduct_cat&post=3290"},{"taxonomy":"product_tag","embeddable":true,"href":"https:\/\/www.brulerie-chatelet.fr\/index.php?rest_route=%2Fwp%2Fv2%2Fproduct_tag&post=3290"}],"curies":[{"name":"wp","href":"https:\/\/api.w.org\/{rel}","templated":true}]}}

<p>Ce moka provient du terroir de Limu, au cœur des hauts plateaux éthiopiens. Issu de la variété arabica Heirloom — une variété traditionnelle et endémique d&rsquo;Éthiopie, emblématique des cérémonies du café — ce cru d&rsquo;altitude (environ 2000 mètres) se distingue par sa finesse et son élégance.</p>
<p>Son profil aromatique, clairement fruité mais sans acidité excessive, offre une tasse équilibrée, surprenante de douceur.<br data-start="565" data-end="568" />Un café polyvalent, idéal aussi bien en espresso qu’en méthode douce.</p>

<p>Ce moka provient du terroir de Limu, au cœur des hauts plateaux éthiopiens. Issu de la variété arabica Heirloom — une variété traditionnelle et endémique d&rsquo;Éthiopie, emblématique des cérémonies du café — ce cru d&rsquo;altitude (environ 2000 mètres) se distingue par sa finesse et son élégance.</p>
<p>Son profil aromatique, clairement fruité mais sans acidité excessive, offre une tasse équilibrée, surprenante de douceur.<br data-start="565" data-end="568" />Un café polyvalent, idéal aussi bien en espresso qu’en méthode douce.</p>
<p>&nbsp;</p>
<p>C&rsquo;est un café très versatile qui conviendra aussi bien aux expressos qu&rsquo;au café filtre ou piston.</p>
