{"id":3332,"date":"2026-04-15T16:21:28","date_gmt":"2026-04-15T16:21:28","guid":{"rendered":"https:\/\/www.brulerie-chatelet.fr\/?post_type=product&#038;p=3332"},"modified":"2026-04-15T16:28:48","modified_gmt":"2026-04-15T16:28:48","slug":"tanzanie-kilimanjaro","status":"publish","type":"product","link":"https:\/\/www.brulerie-chatelet.fr\/?product=tanzanie-kilimanjaro","title":{"rendered":"Tanzanie Kilimanjaro"},"content":{"rendered":"<p data-start=\"45\" data-end=\"366\"><strong data-start=\"45\" data-end=\"71\">Tanzanie \u2013 Kilimanjaro<\/strong><br data-start=\"71\" data-end=\"74\" \/>Pur arabica cultiv\u00e9 sur les pentes du Kilimanjaro, \u00e0 moyenne altitude, dans des terroirs volcaniques riches qui contribuent \u00e0 la personnalit\u00e9 marqu\u00e9e de ce caf\u00e9. Les conditions climatiques de la r\u00e9gion favorisent une maturation r\u00e9guli\u00e8re des cerises, r\u00e9v\u00e9lant toute l\u2019intensit\u00e9 de son profil.<\/p>\n<p data-start=\"368\" data-end=\"646\"><strong data-start=\"368\" data-end=\"382\">En tasse :<\/strong><br data-start=\"382\" data-end=\"385\" \/>Un caf\u00e9 de caract\u00e8re, au corps prononc\u00e9 et \u00e0 l\u2019intensit\u00e9 aromatique affirm\u00e9e. La structure est ample et soutenue, avec des notes profondes \u00e9voquant le cacao et les \u00e9pices, \u00e9quilibr\u00e9es par une vivacit\u00e9 discr\u00e8te. Finale persistante, \u00e0 la fois robuste et \u00e9l\u00e9gante.<\/p>\n","protected":false},"excerpt":{"rendered":"<p data-start=\"45\" data-end=\"366\"><strong data-start=\"45\" data-end=\"71\">Tanzanie \u2013 Kilimanjaro<\/strong><br data-start=\"71\" data-end=\"74\" \/>Pur arabica cultiv\u00e9 sur les pentes du Kilimanjaro, \u00e0 moyenne altitude, dans des terroirs volcaniques riches qui contribuent \u00e0 la personnalit\u00e9 marqu\u00e9e de ce caf\u00e9. Les conditions climatiques de la r\u00e9gion favorisent une maturation r\u00e9guli\u00e8re des cerises, r\u00e9v\u00e9lant toute l\u2019intensit\u00e9 de son profil.<\/p>\n<p data-start=\"368\" data-end=\"646\"><strong data-start=\"368\" data-end=\"382\">En tasse :<\/strong><br data-start=\"382\" data-end=\"385\" \/>Un caf\u00e9 de caract\u00e8re, au corps prononc\u00e9 et \u00e0 l\u2019intensit\u00e9 aromatique affirm\u00e9e. La structure est ample et soutenue, avec des notes profondes \u00e9voquant le cacao et les \u00e9pices, \u00e9quilibr\u00e9es par une vivacit\u00e9 discr\u00e8te. Finale persistante, \u00e0 la fois robuste et \u00e9l\u00e9gante.<\/p>\n","protected":false},"featured_media":3341,"template":"","meta":[],"product_brand":[],"product_cat":[26,38],"product_tag":[39],"class_list":{"0":"post-3332","1":"product","2":"type-product","3":"status-publish","4":"has-post-thumbnail","6":"product_cat-cafes","7":"product_cat-tanzanie","8":"product_tag-tanzanie-kilimanjaro","10":"first","11":"instock","12":"taxable","13":"shipping-taxable","14":"purchasable","15":"product-type-variable"},"_links":{"self":[{"href":"https:\/\/www.brulerie-chatelet.fr\/index.php?rest_route=\/wp\/v2\/product\/3332","targetHints":{"allow":["GET"]}}],"collection":[{"href":"https:\/\/www.brulerie-chatelet.fr\/index.php?rest_route=\/wp\/v2\/product"}],"about":[{"href":"https:\/\/www.brulerie-chatelet.fr\/index.php?rest_route=\/wp\/v2\/types\/product"}],"wp:featuredmedia":[{"embeddable":true,"href":"https:\/\/www.brulerie-chatelet.fr\/index.php?rest_route=\/wp\/v2\/media\/3341"}],"wp:attachment":[{"href":"https:\/\/www.brulerie-chatelet.fr\/index.php?rest_route=%2Fwp%2Fv2%2Fmedia&parent=3332"}],"wp:term":[{"taxonomy":"product_brand","embeddable":true,"href":"https:\/\/www.brulerie-chatelet.fr\/index.php?rest_route=%2Fwp%2Fv2%2Fproduct_brand&post=3332"},{"taxonomy":"product_cat","embeddable":true,"href":"https:\/\/www.brulerie-chatelet.fr\/index.php?rest_route=%2Fwp%2Fv2%2Fproduct_cat&post=3332"},{"taxonomy":"product_tag","embeddable":true,"href":"https:\/\/www.brulerie-chatelet.fr\/index.php?rest_route=%2Fwp%2Fv2%2Fproduct_tag&post=3332"}],"curies":[{"name":"wp","href":"https:\/\/api.w.org\/{rel}","templated":true}]}}