{"id":812,"date":"2021-11-04T09:28:22","date_gmt":"2021-11-04T09:28:22","guid":{"rendered":"https:\/\/www.brulerie-chatelet.fr\/?post_type=product&#038;p=812"},"modified":"2026-02-09T10:46:42","modified_gmt":"2026-02-09T10:46:42","slug":"congo-kivu-500","status":"publish","type":"product","link":"https:\/\/www.brulerie-chatelet.fr\/?product=congo-kivu-500","title":{"rendered":"Congo Kivu \u00ab\u00a0Bord du Lac\u00a0\u00bb"},"content":{"rendered":"<div class=\"elementor-element elementor-element-6547065c elementor-widget elementor-widget-text-editor\" data-id=\"6547065c\" data-element_type=\"widget\" data-widget_type=\"text-editor.default\">\n<div class=\"elementor-widget-container\">\n<p>Ce caf\u00e9 a \u00e9t\u00e9 cultiv\u00e9 dans les plateaux au bord du <a href=\"https:\/\/fr.wikipedia.org\/wiki\/Lac_Kivu\">lac Kivu<\/a> dans l\u2019est de la R\u00e9publique D\u00e9mocratique du Congo, proche du Burundi et du Rwanda. Il est cultiv\u00e9 et r\u00e9colt\u00e9 \u00e0 la main dans de petites exploitations familiales, puis achemin\u00e9 vers la coop\u00e9rative locale o\u00f9 il est lav\u00e9 et s\u00e9ch\u00e9 au soleil.<\/p>\n<p>C\u2019est un caf\u00e9 \u00e9l\u00e9gant, avec des notes bois\u00e9es de c\u00e8dre, d\u2019amande fra\u00eeche, de pain d\u2019\u00e9pices et de fruits secs avec une onctuosit\u00e9 qui fait son charme pour les amateurs.<\/p>\n<\/div>\n<\/div>\n","protected":false},"excerpt":{"rendered":"<p>Ce caf\u00e9 a \u00e9t\u00e9 cultiv\u00e9 dans les plateaux au bord du <a href=\"https:\/\/fr.wikipedia.org\/wiki\/Lac_Kivu\">lac Kivu<\/a> dans l\u2019est de la R\u00e9publique D\u00e9mocratique du Congo, proche du Burundi et du Rwanda. Il est cultiv\u00e9 et r\u00e9colt\u00e9 \u00e0 la main dans de petites exploitations familiales, puis achemin\u00e9 vers la coop\u00e9rative locale o\u00f9 il est lav\u00e9 et s\u00e9ch\u00e9 au soleil.<\/p>\n<p>C\u2019est un caf\u00e9 \u00e9l\u00e9gant, avec des notes bois\u00e9es de c\u00e8dre, d\u2019amande fra\u00eeche, de pain d\u2019\u00e9pices et de fruits secs avec une onctuosit\u00e9 qui fait son charme pour les amateurs.<\/p>\n","protected":false},"featured_media":3034,"template":"","meta":[],"product_brand":[],"product_cat":[26,27],"product_tag":[29],"class_list":{"0":"post-812","1":"product","2":"type-product","3":"status-publish","4":"has-post-thumbnail","6":"product_cat-cafes","7":"product_cat-congo","8":"product_tag-congo-kivu","10":"first","11":"outofstock","12":"taxable","13":"shipping-taxable","14":"purchasable","15":"product-type-variable"},"_links":{"self":[{"href":"https:\/\/www.brulerie-chatelet.fr\/index.php?rest_route=\/wp\/v2\/product\/812","targetHints":{"allow":["GET"]}}],"collection":[{"href":"https:\/\/www.brulerie-chatelet.fr\/index.php?rest_route=\/wp\/v2\/product"}],"about":[{"href":"https:\/\/www.brulerie-chatelet.fr\/index.php?rest_route=\/wp\/v2\/types\/product"}],"wp:featuredmedia":[{"embeddable":true,"href":"https:\/\/www.brulerie-chatelet.fr\/index.php?rest_route=\/wp\/v2\/media\/3034"}],"wp:attachment":[{"href":"https:\/\/www.brulerie-chatelet.fr\/index.php?rest_route=%2Fwp%2Fv2%2Fmedia&parent=812"}],"wp:term":[{"taxonomy":"product_brand","embeddable":true,"href":"https:\/\/www.brulerie-chatelet.fr\/index.php?rest_route=%2Fwp%2Fv2%2Fproduct_brand&post=812"},{"taxonomy":"product_cat","embeddable":true,"href":"https:\/\/www.brulerie-chatelet.fr\/index.php?rest_route=%2Fwp%2Fv2%2Fproduct_cat&post=812"},{"taxonomy":"product_tag","embeddable":true,"href":"https:\/\/www.brulerie-chatelet.fr\/index.php?rest_route=%2Fwp%2Fv2%2Fproduct_tag&post=812"}],"curies":[{"name":"wp","href":"https:\/\/api.w.org\/{rel}","templated":true}]}}

<div class="elementor-element elementor-element-6547065c elementor-widget elementor-widget-text-editor" data-id="6547065c" data-element_type="widget" data-widget_type="text-editor.default">
<div class="elementor-widget-container">
<p>Ce café a été cultivé dans les plateaux au bord du <a href="https://fr.wikipedia.org/wiki/Lac_Kivu">lac Kivu</a> dans l’est de la République Démocratique du Congo, proche du Burundi et du Rwanda. Il est cultivé et récolté à la main dans de petites exploitations familiales, puis acheminé vers la coopérative locale où il est lavé et séché au soleil.</p>
<p>C’est un café élégant, avec des notes boisées de cèdre, d’amande fraîche, de pain d’épices et de fruits secs avec une onctuosité qui fait son charme pour les amateurs.</p>
</div>
</div>

<p>Ce café a été cultivé dans les plateaux au bord du <a href="https://fr.wikipedia.org/wiki/Lac_Kivu">lac Kivu</a> dans l’est de la République Démocratique du Congo, proche du Burundi et du Rwanda. Il est cultivé et récolté à la main dans de petites exploitations familiales, puis acheminé vers la coopérative locale où il est lavé et séché au soleil.</p>
<p>C’est un café élégant, avec des notes boisées de cèdre, d’amande fraîche, de pain d’épices et de fruits secs avec une onctuosité qui fait son charme pour les amateurs.</p>
